{"id":1426,"date":"2022-01-05T11:23:06","date_gmt":"2022-01-05T11:23:06","guid":{"rendered":"https:\/\/gyngruppen.se\/?page_id=1426"},"modified":"2025-11-26T07:36:40","modified_gmt":"2025-11-26T07:36:40","slug":"1426-2","status":"publish","type":"page","link":"https:\/\/gynekologgruppen.se\/?page_id=1426","title":{"rendered":"SMS"},"content":{"rendered":"<p>[et_pb_section fb_built=&#8221;1&#8243; _builder_version=&#8221;4.16&#8243; _module_preset=&#8221;default&#8221; global_colors_info=&#8221;{}&#8221;][et_pb_row _builder_version=&#8221;4.16&#8243; _module_preset=&#8221;default&#8221; global_colors_info=&#8221;{}&#8221;][et_pb_column type=&#8221;4_4&#8243; _builder_version=&#8221;4.16&#8243; _module_preset=&#8221;default&#8221; global_colors_info=&#8221;{}&#8221;][et_pb_text module_class=&#8221;sms-heading&#8221; _builder_version=&#8221;4.27.4&#8243; _module_preset=&#8221;default&#8221; header_3_text_color=&#8221;#000000&#8243; header_3_font_size=&#8221;18px&#8221; global_colors_info=&#8221;{}&#8221;]<\/p>\n<h1>SMS fr\u00e5n N\u00f6tk\u00e4rnan<\/h1>\n<p>N\u00f6tk\u00e4rnan skickar ut fyra olika typer av SMS till de patienter som har gett sitt samtycke till att kontaktas p\u00e5 detta s\u00e4tt. Avs\u00e4ndare av SMS \u00e4r alltid \u201dNotkarnan\u201d<\/p>\n<h3><strong>1. Bokningsbekr\u00e4ftelse<\/strong><\/h3>\n<p>Skickas ut vid bokning av tid \u00e5t patienten.<\/p>\n<h3><strong>2. P\u00e5minnelse<\/strong><\/h3>\n<p>Skickas ut 48 timmar innan bokat bes\u00f6k.<\/p>\n<h3><strong>3. Direkt kommunikation<\/strong><\/h3>\n<p>Skickas av personal p\u00e5 din v\u00e5rdcentral med meddelande till dig som patient. Vissa SMS skickar vi s\u00e5 att dom inte kan l\u00e4sas utan att ha f\u00f6reg\u00e5tt inloggning via Mobilt BankId s\u00e5 att information inte kan l\u00e4sas av n\u00e5gon annan \u00e4n dig. F\u00f6r detta anv\u00e4nder vi en tj\u00e4nst som hanteras av tredje part. SMS kommer inneh\u00e5lla l\u00e4nk till <a href=\"https:\/\/ebox.nu\">https:\/\/ebox.nu<\/a>.<\/p>\n<h3><strong>4. KeyForCare enk\u00e4tunders\u00f6kning<\/strong><\/h3>\n<p>Efter ditt bes\u00f6k hos oss kan du f\u00e5 fr\u00e5gor hur du upplevde bes\u00f6ket hos oss. Vi vill bli b\u00e4ttre! s\u00e5 vi uppskattar dina anonyma svar som hanteras i samarbete med KeyForCare.<\/p>\n<h3><strong>5. Generell information<\/strong><\/h3>\n<p>Vi anv\u00e4nder sms f\u00f6r att p\u00e5minna patienter om t.ex. s\u00e4songsinfluensa eller annan samh\u00e4llsviktig information, om det finns en l\u00e4nk i utskicket \u00e4r den enbart till v\u00e5rdcentralens hemsida.<\/p>\n<p>[\/et_pb_text][\/et_pb_column][\/et_pb_row][\/et_pb_section]<\/p>\n","protected":false},"excerpt":{"rendered":"<p>SMS fr\u00e5n N\u00f6tk\u00e4rnan N\u00f6tk\u00e4rnan skickar ut fyra olika typer av SMS till de patienter som har gett sitt samtycke till att kontaktas p\u00e5 detta s\u00e4tt. Avs\u00e4ndare av SMS \u00e4r alltid \u201dNotkarnan\u201d 1. Bokningsbekr\u00e4ftelse Skickas ut vid bokning av tid \u00e5t patienten. 2. P\u00e5minnelse Skickas ut 48 timmar innan bokat bes\u00f6k. 3. Direkt kommunikation Skickas av [&hellip;]<\/p>\n","protected":false},"author":2,"featured_media":0,"parent":0,"menu_order":0,"comment_status":"closed","ping_status":"closed","template":"","meta":{"_et_pb_use_builder":"on","_et_pb_old_content":"","_et_gb_content_width":"","footnotes":""},"class_list":["post-1426","page","type-page","status-publish","hentry"],"_links":{"self":[{"href":"https:\/\/gynekologgruppen.se\/index.php?rest_route=\/wp\/v2\/pages\/1426","targetHints":{"allow":["GET"]}}],"collection":[{"href":"https:\/\/gynekologgruppen.se\/index.php?rest_route=\/wp\/v2\/pages"}],"about":[{"href":"https:\/\/gynekologgruppen.se\/index.php?rest_route=\/wp\/v2\/types\/page"}],"author":[{"embeddable":true,"href":"https:\/\/gynekologgruppen.se\/index.php?rest_route=\/wp\/v2\/users\/2"}],"replies":[{"embeddable":true,"href":"https:\/\/gynekologgruppen.se\/index.php?rest_route=%2Fwp%2Fv2%2Fcomments&post=1426"}],"version-history":[{"count":8,"href":"https:\/\/gynekologgruppen.se\/index.php?rest_route=\/wp\/v2\/pages\/1426\/revisions"}],"predecessor-version":[{"id":1722,"href":"https:\/\/gynekologgruppen.se\/index.php?rest_route=\/wp\/v2\/pages\/1426\/revisions\/1722"}],"wp:attachment":[{"href":"https:\/\/gynekologgruppen.se\/index.php?rest_route=%2Fwp%2Fv2%2Fmedia&parent=1426"}],"curies":[{"name":"wp","href":"https:\/\/api.w.org\/{rel}","templated":true}]}}