{"id":1485,"date":"2022-05-16T09:19:48","date_gmt":"2022-05-16T09:19:48","guid":{"rendered":"https:\/\/gyngruppen.se\/?page_id=1485"},"modified":"2022-10-25T05:54:01","modified_gmt":"2022-10-25T05:54:01","slug":"1485-2","status":"publish","type":"page","link":"https:\/\/gynekologgruppen.se\/?page_id=1485","title":{"rendered":"O\u00f6nskat\u00a0gravid"},"content":{"rendered":"\n[et_pb_section fb_built=&#8221;1&#8243; _builder_version=&#8221;4.17.4&#8243; _module_preset=&#8221;default&#8221; global_colors_info=&#8221;{}&#8221;][et_pb_row _builder_version=&#8221;4.17.4&#8243; _module_preset=&#8221;default&#8221; global_colors_info=&#8221;{}&#8221;][et_pb_column type=&#8221;4_4&#8243; _builder_version=&#8221;4.17.4&#8243; _module_preset=&#8221;default&#8221; global_colors_info=&#8221;{}&#8221;][et_pb_text _builder_version=&#8221;4.17.4&#8243; _module_preset=&#8221;default&#8221; global_colors_info=&#8221;{}&#8221;]<h1>\u00c4r du\u00a0<span>o\u00f6nskat<\/span><span>\u00a0<\/span>gravid och funderar p\u00e5 abort?<\/h1>\n<p>Abortmottagning gynekologi \u00d6stra sjukhuset har en r\u00e5dgivnings-tidsbest\u00e4llningstelefon d\u00e4r du f\u00e5r prata med en barnmorska som informerar dig om de olika abortmetoderna som finns och bokar tid f\u00f6r ett gynekologbes\u00f6k. Ring<span>\u00a0<\/span><nobr>031-343 42 15.<\/nobr><span>\u00a0<\/span><\/p>\n<p>Vi p\u00e5 Gynekologgruppen genomf\u00f6r medicinska aborter, d\u00e4remot \u00e4r det \u00d6stra Sjukhuset som bokar in och hj\u00e4lper dig med allt kring detta.<\/p>[\/et_pb_text][\/et_pb_column][\/et_pb_row][\/et_pb_section]\n","protected":false},"excerpt":{"rendered":"<p>\u00c4r du\u00a0o\u00f6nskat\u00a0gravid och funderar p\u00e5 abort? Abortmottagning gynekologi \u00d6stra sjukhuset har en r\u00e5dgivnings-tidsbest\u00e4llningstelefon d\u00e4r du f\u00e5r prata med en barnmorska som informerar dig om de olika abortmetoderna som finns och bokar tid f\u00f6r ett gynekologbes\u00f6k. Ring\u00a0031-343 42 15.\u00a0 Vi p\u00e5 Gynekologgruppen genomf\u00f6r medicinska aborter, d\u00e4remot \u00e4r det \u00d6stra Sjukhuset som bokar in och hj\u00e4lper dig [&hellip;]<\/p>\n","protected":false},"author":2,"featured_media":0,"parent":0,"menu_order":0,"comment_status":"closed","ping_status":"closed","template":"","meta":{"_et_pb_use_builder":"on","_et_pb_old_content":"","_et_gb_content_width":"","footnotes":""},"class_list":["post-1485","page","type-page","status-publish","hentry"],"_links":{"self":[{"href":"https:\/\/gynekologgruppen.se\/index.php?rest_route=\/wp\/v2\/pages\/1485","targetHints":{"allow":["GET"]}}],"collection":[{"href":"https:\/\/gynekologgruppen.se\/index.php?rest_route=\/wp\/v2\/pages"}],"about":[{"href":"https:\/\/gynekologgruppen.se\/index.php?rest_route=\/wp\/v2\/types\/page"}],"author":[{"embeddable":true,"href":"https:\/\/gynekologgruppen.se\/index.php?rest_route=\/wp\/v2\/users\/2"}],"replies":[{"embeddable":true,"href":"https:\/\/gynekologgruppen.se\/index.php?rest_route=%2Fwp%2Fv2%2Fcomments&post=1485"}],"version-history":[{"count":5,"href":"https:\/\/gynekologgruppen.se\/index.php?rest_route=\/wp\/v2\/pages\/1485\/revisions"}],"predecessor-version":[{"id":1614,"href":"https:\/\/gynekologgruppen.se\/index.php?rest_route=\/wp\/v2\/pages\/1485\/revisions\/1614"}],"wp:attachment":[{"href":"https:\/\/gynekologgruppen.se\/index.php?rest_route=%2Fwp%2Fv2%2Fmedia&parent=1485"}],"curies":[{"name":"wp","href":"https:\/\/api.w.org\/{rel}","templated":true}]}}